 of t**6/120 - t**5/20 - 5*t**4/24 + t**3 - 11*t**2. Calculate m(4).
2
Let j(w) = -w + 2. Let x be j(-2). Let b be 2/x + 14/4. Let l(g) = 0*g - g + b*g - 1. Give l(1).
2
Let p = 2 + 0. Let g(c) = -2*c - p*c - 6*c - c. Determine g(-1).
11
Let k(y) be the second derivative of -y**5/20 - y**4/2 - 2*y**3/3 + 3*y**2 - 13*y. Determine k(-5).
1
Let m be 3/24*6*-4. Let b(i) be the third derivative of 0 + 1/8*i**4 + i**2 + 1/120*i**6 + 0*i + 0*i**3 + 1/15*i**5. Give b(m).
0
Let w(h) = h + 17. Suppose -7*n = -2*n - 15. Suppose -n*c = -4*a, -a = -0*a - 2*c. Give w(a).
17
Let k(i) = i**2 + 9*i + 9. Suppose 2*w - 5*f = 12 - 8, 0 = 3*w + f + 28. Determine k(w).
1
Let d = -6 - -6. Suppose v + 2 + 1 = d. Let l(c) = -2*c - 3. What is l(v)?
3
Let g(u) = -u + 2. Let s = 20 - -4. Suppose 0 = -o + 5*o - s. Let l be o/(-4)*4/2. Give g(l).
5
Let s(a) = 3*a**3 + 5*a + 3*a**2 - 4*a**3 - 52 + 48. Determine s(3).
11
Let k(g) be the second derivative of 4*g + 0 - 7/12*g**4 - 1/3*g**3 + 1/2*g**2. Calculate k(1).
-8
Let z(i) = -i**2 + 11*i - 12. Suppose -y = 2*g + 1, 0 = 3*y - 7*y - g + 31. Calculate z(y).
6
Let o(y) = -y**2 - 8*y - 2. Suppose j - 2*j = -w, -w = 0. Suppose -3*m + j = 21. Calculate o(m).
5
Let p(c) = c + 3. Let g be (28/10)/((-5)/(-75)). Suppose 5*k - 2*k - g = 0. Let z be k/(-6) + 2/(-3). Calculate p(z).
0
Let j(t) be the third derivative of -t**4/12 + t**3/2 + 8*t**2. Let y(w) be the first derivative of w**3/3 + 4*w**2 + 4*w - 1. Let z be y(-8). Calculate j(z).
-5
Let o(m) = 3*m - 3. Let b(y) = -y**3 + 2*y**2 + 4*y - 1. Let a be b(3). Suppose k - 3*l = -10, -l = -6 + a. Give o(k).
3
Let d = 18 - 22. Let b(f) = 4*f - 4. Let a(h) = -3*h + 3. Let r(o) = d*b(o) - 5*a(o). Determine r(4).
-3
Let l(d) = -5*d + 4. Let i(b) = 9*b - 7. Let f(m) = -3*i(m) - 5*l(m). What is f(1)?
-1
Let t = -4 + 9. Let n(l) = 3 - 4*l**2 + 4*l**3 + 1 - t*l**3 + 0*l**3. Calculate n(-3).
-5
Let w(y) = y**3 - 5*y**2 + 7*y + 12. Let i(r) = 3*r**3 - 15*r**2 + 20*r + 35. Let h(v) = 6*i(v) - 17*w(v). What is h(5)?
11
Let c(y) = 117*y + 116*y + 5 - 228*y. Determine c(-5).
-20
Let x(y) = 10*y + 3. Let c(w) = -21*w - 6. Let d(z) = 6*c(z) + 13*x(z). Give d(-2).
-5
Suppose -m - 5 - 9 = -4*o, -5*o = 4*m - 28. Let r(a) = 47 + a + a**2 - 23 - 25. Give r(m).
5
Suppose -3*k + 15 = -0*k. Let a(i) = i**2 - 5*i + 2. What is a(k)?
2
Suppose 3*h + 23 = -2*r - 0, 0 = -h - 3*r - 17. Let s(k) = 5 + 6*k**2 + 13*k**3 + 3*k - k**2 - 3*k**3 - 9*k**3. Give s(h).
-10
Suppose 0*b = -4*b + 12. Let h(l) = 14*l - 1. Let i(q) = 6*q + 2*q - 3*q + 0*q. Let d(f) = -4*h(f) + 11*i(f). Give d(b).
1
Let c(s) be the first derivative of 3*s**2/2 - 7*s - 39. Give c(6).
11
Let j = -30 - -35. Let k(r) = -r**2 + 4*r. Give k(j).
-5
Let m(z) = 6 - 3*z - 6*z**2 + 27*z**3 + 0 - 28*z**3. Calculate m(-5).
-4
Let m(p) be the second derivative of 0 + p + 1/360*p**6 + 1/6*p**4 + 0*p**2 - 1/6*p**3 + 1/60*p**5. Let a(k) be the second derivative of m(k). What is a(-3)?
7
Let h(i) = -3 - 10*i + 2*i + 7*i. Determine h(-2).
-1
Suppose -5*s = -0*s - 2*m - 16, 5*s - 1 = -3*m. Let b(j) = -1 - s*j + j - 8*j. Let i(v) = 8*v + 1. Let k(z) = 2*b(z) + 3*i(z). Give k(1).
7
Suppose 0 = -2*l - 5 - 1. Suppose -3*j + 17 + 4 = 0. Let p(x) = -3*x + j*x + 11 - 9. Determine p(l).
-10
Let h(m) be the third derivative of -m**5/60 + 7*m**4/24 + m**3/3 - 21*m**2. Calculate h(5).
12
Let h(d) = -3*d**3 - d**2. Let k be h(1). Suppose -7*q + 2*q + 10 = 0. Let r(i) = i + q - 7 - 3*i. Give r(k).
3
Suppose 0*n + 12 = 4*a - 4*n, -a = -2*n - 6. Let k(c) = c**2 - c - 2. Give k(a).
-2
Suppose 18 = -2*n + 2*i, 2*i = 6*i - 20. Let m(q) = q**2 + 4*q - 2. Give m(n).
-2
Let w be (2 - 1)/((-1)/(-2)). Let a(t) = 2*t + 2. Let f(z) = -4*z - 3. Let x(j) = 5*a(j) + 3*f(j). Give x(w).
-3
Suppose 0*t + 4*t = 52. Let u = t + -9. Suppose 3*l - 29 = u*k, 4 = -k + l - 4. Let q(p) = p**2 + 5*p + 4. Give q(k).
4
Let t(h) = -h**3 - 10*h**2 + 10*h - 10. Let b be t(-11). Let v(q) = -q - 3 + 10*q**3 + 3 - b. What is v(-1)?
-10
Let o(v) = 2*v + 1. Suppose -q + 6 + 0 = 0. Give o(q).
13
Let o(i) = 12*i**3 - 5*i**2 - 2. Let q(y) = -11*y**3 + 6*y**2 + 3. Let k(t) = 4*o(t) + 3*q(t). What is k(-1)?
-16
Let p(r) be the second derivative of -r**5/20 - r**4/3 - r**3/3 + r. Suppose 0 = -3*y + v + 3, 6*y = 3*y + 2*v. Suppose -y*d = 3*d + 15. Calculate p(d).
-3
Let l(f) = 1 + f**2 + 4 + f**3 + 4*f**2 + 2*f. Let z = 3 + -6. Let u = z - 2. Determine l(u).
-5
Suppose 5*m + 5 = -5*b + 4*b, -4*b + 26 = -3*m. Let n(j) = 2*j**3 - j + 2. What is n(m)?
-12
Let n(d) = -d - 2. Let y = -46 + 41. Determine n(y).
3
Let w(x) = -x**2 + 4*x + 5. Let s(k) = k**2 + 5*k - 1. Let u be s(-6). Suppose -u = -4*a + 15. What is w(a)?
0
Let s(o) be the second derivative of -o**4/12 + 4*o**3/3 + 4*o**2 + 12*o. What is s(7)?
15
Let l(o) = -15*o**3 - o**2. Suppose 5*w = -3*a - 22, 3*w + 15 = 5*a + w. Determine l(a).
-16
Suppose 0*a = -a - 2. Let f(d) = -d**3 - 6*d**2 - 2*d + 1. Determine f(a).
-11
Let s(g) = g**3 - 5*g**2 + g - 4. Let h = 8 - 6. Suppose -u - 2*u + 1 = h*d, 3*d - 2*u - 21 = 0. Calculate s(d).
1
Let s(g) = 2*g + 3. Let h(b) = 3*b + 2. Let n(v) = -4*h(v) + 5*s(v). Calculate n(5).
-3
Let w(p) = p - 4. Suppose 0*g - 5*g + 10 = -2*z, 0 = -3*z - 4*g + 31. Let m be w(z). Let y(u) = 11*u**3 - u**2 - u + 1. Calculate y(m).
10
Let j(k) = -k**3 - 6*k**2 - 3*k + 5. Let y = -14 + 9. Give j(y).
-5
Let a = -5 + 10. Let c(t) = a*t - 3 + t**2 - t - t. What is c(2)?
7
Let f(a) = -6*a**3 - a**2 - 2*a - 1. Let w(z) = -z**3 + z**2 + 2*z - 1. Let c be w(2). What is f(c)?
6
Let j = 66 + -64. Let h(i) = -2*i + 1. What is h(j)?
-3
Let s(f) = f - 9. Let m be s(8). Let u(h) = -h**3 + h**2 - 1. Give u(m).
1
Let a = -57 - -90. Let c = a - 18. Suppose -c = -7*o + 2*o. Let k(w) = w**2 - 8*w + 4. Determine k(o).
-11
Let i(w) be the second derivative of -1/12*w**4 + 5/2*w**2 + 2/3*w**3 + 0 + 3*w. Suppose -5*b - 3 = -a - 28, 3*b - 2*a - 22 = 0. Give i(b).
5
Let p(t) = -t**2 - 10*t - 8. Let b be p(-6). Let s be 4/10 - b/(-10). Let n(q) = -3*q - 2 + 2 + 2. Calculate n(s).
-4
Let z(n) = n**3 + 5*n**2 - 4*n + 8. Suppose 4*v - 4*o + 44 = 0, -2*v - 4*o = -3*v - 26. What is z(v)?
-4
Let l(a) = -2*a + 3*a - 4 - 6. Let x(h) = -h**2 - 17*h + 6. Let b be x(-17). Determine l(b).
-4
Suppose -3*q - 15 = -6*q + 3*w, 0 = -w + 2. Let j(z) = z**2 - 7*z + 3. Let f be j(q). Let y(d) = d**2 + d - 2. Calculate y(f).
10
Let v(y) = y**3 + 3*y**2 - 1. Suppose -2*h + 5*o - 11 = 0, 4*o - 26 = 5*h - 7. Calculate v(h).
-1
Let b = 0 - 0. Let g(w) = -w**3 + w**2 - w + 2. Let i be g(0). Let k(p) = 9*p**3 - 2*p**i - 17*p**3 + p + 9*p**3 + 3*p**2 - 6. Give k(b).
-6
Let w(i) be the second derivative of -i**3/6 + 5*i**2/2 - 4*i. Let x(j) = j**2 + 7*j + 6. Let y be (-81)/15 - (-4)/10. Let r be x(y). Calculate w(r).
9
Let z(h) = -h**2 + 6*h + 7. Let n be ((-2)/4*0)/(-2). Suppose 5*t - 3*t - 12 = n. Calculate z(t).
7
Let i(h) be the third derivative of 1/3*h**3 - 4*h**2 - 1/8*h**4 + 0*h + 0. Determine i(4).
-10
Let v(m) = m**3 + 2*m**2 - 6*m - 7. Let d be v(-3). Let s(w) = 5*w - 1. Calculate s(d).
9
Suppose 11 = f - 0*f - 3*x, 4*f - 2*x = 14. Suppose 0 = f*z + i - 3, -3*z - 4*i + 17 = -0*z. Let t(g) = -1 + 2 + 2 - 5*g - 4. Calculate t(z).
4
Let b(g) = -g - 5. Let f(q) = -3*q**3 - q**2 + q + 1. Let l be f(-1). Suppose -2*s = 3*r - 16, s + 2 - 24 = l*r. Let c = 9 - s. What is b(c)?
0
Let g(d) be the third derivative of d**5/60 - 5*d**4/24 + d**3/6 + 4*d**2. Let p = 24 + -14. Let a = -6 + p. Give g(a).
-3
Let f(t) = t**2 + 9*t - 3. Let r be f(-9). Let a(p) = -p**2 - 3*p. What is a(r)?
0
Let d be 3/(-3)*-2*(4 - 0). Let p(m) = m**2 - 8*m - 6. Give p(d).
-6
Let c(n) = -2*n + 15. Let z be c(11). Let x(q) = q - 1. Give x(z).
-8
Let s = -36 + 65. Suppose 5*z + s = 4*o, -z + 5*z = o - 10. Let p(d) = d**2 - 8*d + 6. Calculate p(o).
-6
Let w(f) = -2*f - 11. Let p be w(-10). Suppose -3*t + p = 3. Let h(o) = -3 + 3*o - 3*o**2 - o**2 + t*o**2. Calculate h(2).
-5
Suppose 0 = 2*f + 2 + 6. Let o(x) be the first derivative of 3*x - 3/2*x**2 + 5 - 1/3*x**3. What is o(f)?
-1
Let i(o) be the third derivative of -o**5/60 - o**3/6 + o**2. Suppose -2*d = 2*d - 8. Calculate i(d).
-5
Suppose 5*d + 13 = 4*q, -2*d + 12 = 4*q - 6*d. Let f(v) = 0 + 5*v - 4*v**2 + 5*v**q + 5. Determine f(-6).
11
Let t be 15/40 + 26/16. Let i(